culate the remainder when 7701345 is divided by 2675.
20
What is the remainder when 2401837649 is divided by 19?
16
Calculate the remainder when 2611867 is divided by 2938.
2923
Calculate the remainder when 1246282 is divided by 185.
122
What is the remainder when 293750573 is divided by 16?
13
What is the remainder when 477600 is divided by 75?
0
What is the remainder when 25606017 is divided by 55?
52
Calculate the remainder when 22608 is divided by 2321.
1719
What is the remainder when 764655 is divided by 69?
66
Calculate the remainder when 59593 is divided by 3150.
2893
Calculate the remainder when 49356 is divided by 48046.
1310
Calculate the remainder when 1188337 is divided by 237550.
587
What is the remainder when 9380276 is divided by 30?
26
Calculate the remainder when 4082841 is divided by 267.
144
Calculate the remainder when 37068873 is divided by 1942.
1919
What is the remainder when 2709837 is divided by 2709834?
3
Calculate the remainder when 67252142 is divided by 6892.
6
What is the remainder when 80467776 is divided by 2155?
76
What is the remainder when 471092 is divided by 1637?
1273
What is the remainder when 20960870 is divided by 22?
18
What is the remainder when 617486 is divided by 153844?
2110
What is the remainder when 80248 is divided by 1115?
1083
What is the remainder when 21308637 is divided by 21855?
12
What is the remainder when 973115 is divided by 121599?
323
Calculate the remainder when 393515210 is divided by 27.
11
Calculate the remainder when 10543535 is divided by 876.
875
Calculate the remainder when 2081697 is divided by 21684.
33
What is the remainder when 16901187 is divided by 54?
51
What is the remainder when 345135308 is divided by 130?
128
Calculate the remainder when 150946631 is divided by 7463.
7456
What is the remainder when 107083 is divided by 26672?
395
What is the remainder when 186747679 is divided by 22?
19
Calculate the remainder when 1028008739 is divided by 979.
978
Calculate the remainder when 14925254 is divided by 28.
22
What is the remainder when 12676436 is divided by 469?
304
What is the remainder when 14647299 is divided by 88?
51
What is the remainder when 217117 is divided by 2399?
1207
Calculate the remainder when 162812 is divided by 461.
79
What is the remainder when 432074 is divided by 2889?
1613
Calculate the remainder when 60901510 is divided by 42.
40
Calculate the remainder when 802434 is divided by 25.
9
Calculate the remainder when 6271075 is divided by 250843.
0
Calculate the remainder when 626764 is divided by 13335.
19
Calculate the remainder when 2744784 is divided by 22.
20
What is the remainder when 16255079 is divided by 648?
647
What is the remainder when 574202 is divided by 19799?
31
Calculate the remainder when 830213 is divided by 3704.
517
What is the remainder when 8996764 is divided by 16?
12
What is the remainder when 13772767 is divided by 3443191?
3
Calculate the remainder when 871033 is divided by 526.
503
Calculate the remainder when 362454 is divided by 1416.
1374
What is the remainder when 49198429 is divided by 58?
45
Calculate the remainder when 515776839 is divided by 92.
91
What is the remainder when 91862 is divided by 2552?
2542
What is the remainder when 5848439 is divided by 835477?
100
Calculate the remainder when 64844891 is divided by 43.
31
What is the remainder when 290922 is divided by 72329?
1606
What is the remainder when 12773339 is divided by 104699?
61
What is the remainder when 606604 is divided by 3331?
362
Calculate the remainder when 22054567 is divided by 2355.
2347
What is the remainder when 2705526 is divided by 901840?
6
What is the remainder when 2680484 is divided by 29783?
14
What is the remainder when 1189727 is divided by 37?
29
What is the remainder when 60709216 is divided by 217?
211
What is the remainder when 67025898 is divided by 85?
83
What is the remainder when 6818361 is divided by 7095?
66
Calculate the remainder when 1523132 is divided by 169160.
692
Calculate the remainder when 32281586 is divided by 22.
18
Calculate the remainder when 260200 is divided by 86728.
16
What is the remainder when 2917846 is divided by 6516?
5194
What is the remainder when 660997461 is divided by 122?
119
Calculate the remainder when 128842046 is divided by 2528.
2526
Calculate the remainder when 19811061 is divided by 22.
17
Calculate the remainder when 14200 is divided by 2143.
1342
Calculate the remainder when 1356282 is divided by 135594.
342
Calculate the remainder when 573112 is divided by 8.
0
What is the remainder when 21623 is divided by 6606?
1805
What is the remainder when 300381 is divided by 9?
6
Calculate the remainder when 1409113 is divided by 15.
13
What is the remainder when 60212 is divided by 7484?
340
Calculate the remainder when 989666 is divided by 989620.
46
Calculate the remainder when 30317 is divided by 2220.
1457
What is the remainder when 8739627 is divided by 15?
12
What is the remainder when 2150718 is divided by 880?
878
What is the remainder when 9742866 is divided by 226578?
12
What is the remainder when 13909426 is divided by 1?
0
What is the remainder when 8809540 is divided by 9?
7
What is the remainder when 3304429 is divided by 896?
877
What is the remainder when 60566 is divided by 1288?
30
What is the remainder when 4790781 is divided by 2943?
2520
Calculate the remainder when 90677532 is divided by 113.
4
What is the remainder when 2248521 is divided by 9734?
9701
What is the remainder when 207159 is divided by 434?
141
What is the remainder when 4343793 is divided by 199?
21
What is the remainder when 20971 is divided by 4066?
641
Calculate the remainder when 4823 is divided by 4371.
452
What is the remainder when 4974782 is divided by 905?
902
Calculate the remainder when 1040830 is divided by 234.
232
What is the remainder when 5116346 is divided by 18404?
34
What is the remainder when 30304007 is divided by 6517?
6474
Calculate the remainder when 13886131 is divided by 219.
217
What is the remainder when 51305451 is divided by 3061?
30
What is the remainder when 68734 is divided by 151?
29
Calculate the remainder when 40420 is divided by 6253.
2902
What is the remainder when 883089 is divided by 220771?
5
Calculate the remainder when 2638885 is divided by 985.
70
Calculate the remainder when 2267 is divided by 2115.
152
Calculate the remainder when 6818350 is divided by 42.
28
What is the remainder when 25245620 is divided by 191?
4
Calculate the remainder when 245851 is divided by 2299.
2157
What is the remainder when 3392874 is divided by 251?
107
Calculate the remainder when 10823314 is divided by 49.
47
What is the remainder when 47545 is divided by 1318?
97
Calculate the remainder when 1878760 is divided by 2250.
10
What is the remainder when 421886235 is divided by 140628741?
12
Calculate the remainder when 372491 is divided by 261.
44
Calculate the remainder when 24875 is divided by 12386.
103
Calculate the remainder when 447078 is divided by 10149.
522
Calculate the remainder when 1153422 is divided by 1068.
1050
Calculate the remainder when 1269558 is divided by 14.
10
Calculate the remainder when 8470457 is divided by 16.
9
Calculate the remainder when 680786 is divided by 10976.
274
What is the remainder when 847720 is divided by 812?
804
Calculate the remainder when 19989 is divided by 17119.
2870
Calculate the remainder when 26249 is divided by 25002.
1247
What is the remainder when 58239 is divided by 2911?
19
Calculate the remainder when 3783324 is divided by 59114.
28
Calculate the remainder when 581958 is divided by 779.
45
Calculate the remainder when 5651530 is divided by 1463.
1424
What is the remainder when 83342171 is divided by 3181?
3152
What is the remainder when 367997 is divided by 14153?
19
What is the remainder when 120731461 is divided by 59?
56
Calculate the remainder when 12517975 is divided by 3129490.
15
Calculate the remainder when 5492681 is divided by 2746308.
65
What is the remainder when 150389 is divided by 4841?
318
What is the remainder when 39890625 is divided by 14375?
0
Calculate the remainder when 1526368 is divided by 1276.
272
Calculate the remainder when 144485 is divided by 95.
85
Calculate the remainder when 34095 is d